e highest common divisor of 120 and 1020.
60
What is the greatest common factor of 152 and 57?
19
What is the highest common factor of 328 and 2232?
8
Calculate the greatest common divisor of 40 and 190.
10
What is the greatest common factor of 70 and 80?
10
What is the greatest common divisor of 31 and 124?
31
What is the highest common divisor of 162 and 72?
18
Calculate the greatest common divisor of 168 and 24.
24
What is the greatest common divisor of 319 and 5017?
29
Calculate the highest common factor of 160 and 120.
40
Calculate the highest common factor of 3685 and 330.
55
Calculate the highest common factor of 268 and 938.
134
Calculate the highest common divisor of 72 and 972.
36
Calculate the greatest common factor of 2471 and 7.
7
What is the highest common factor of 819 and 117?
117
Calculate the greatest common divisor of 16 and 1392.
16
What is the greatest common divisor of 70 and 315?
35
What is the greatest common factor of 2020 and 20?
20
Calculate the greatest common factor of 7 and 5103.
7
Calculate the highest common factor of 242 and 638.
22
What is the greatest common divisor of 216 and 162?
54
What is the highest common divisor of 21 and 756?
21
Calculate the highest common factor of 171 and 1292.
19
What is the greatest common factor of 550 and 374?
22
Calculate the highest common divisor of 225 and 495.
45
Calculate the greatest common factor of 1116 and 48.
12
What is the highest common factor of 715 and 1573?
143
Calculate the greatest common divisor of 93 and 992.
31
What is the greatest common divisor of 20 and 30?
10
What is the greatest common factor of 35 and 145?
5
What is the highest common factor of 17 and 8?
1
What is the greatest common divisor of 7640 and 48?
8
Calculate the greatest common divisor of 195 and 1625.
65
What is the highest common factor of 275 and 88?
11
What is the highest common divisor of 15 and 60?
15
What is the highest common factor of 38 and 1178?
38
What is the greatest common factor of 672 and 3920?
112
Calculate the greatest common factor of 363 and 66.
33
Calculate the highest common divisor of 8 and 65568.
8
What is the greatest common divisor of 1617 and 55?
11
What is the highest common divisor of 585 and 555?
15
What is the highest common factor of 1490 and 3874?
298
What is the highest common factor of 497 and 14?
7
Calculate the greatest common divisor of 184 and 253.
23
Calculate the greatest common divisor of 4 and 10762.
2
What is the greatest common factor of 40 and 260?
20
Calculate the greatest common divisor of 192 and 272.
16
What is the highest common factor of 15 and 240?
15
What is the highest common factor of 39 and 14079?
39
What is the highest common factor of 435 and 30?
15
What is the highest common factor of 10 and 430?
10
What is the highest common factor of 1225 and 200?
25
Calculate the greatest common divisor of 78 and 364.
26
Calculate the greatest common divisor of 119 and 910.
7
What is the highest common factor of 12082 and 14?
14
What is the greatest common factor of 30 and 55?
5
Calculate the greatest common factor of 54 and 216.
54
What is the highest common divisor of 22 and 18436?
22
What is the greatest common factor of 1357 and 118?
59
What is the highest common factor of 15 and 20?
5
Calculate the highest common divisor of 342 and 18.
18
What is the highest common factor of 762 and 12?
6
Calculate the greatest common divisor of 663 and 459.
51
What is the greatest common factor of 108 and 1566?
54
What is the greatest common factor of 1 and 47?
1
What is the highest common factor of 296 and 74?
74
Calculate the greatest common factor of 25 and 40.
5
What is the greatest common factor of 429 and 299?
13
Calculate the greatest common divisor of 6838 and 26.
26
What is the highest common divisor of 400 and 1120?
80
What is the highest common factor of 180 and 20?
20
Calculate the highest common divisor of 11 and 1177.
11
What is the greatest common divisor of 111 and 851?
37
What is the greatest common divisor of 84 and 96?
12
What is the greatest common divisor of 4 and 50?
2
What is the greatest common factor of 66 and 6798?
66
What is the greatest common factor of 2750 and 264?
22
Calculate the greatest common factor of 17854 and 158.
158
What is the greatest common divisor of 6715 and 340?
85
Calculate the highest common factor of 90299 and 11.
11
What is the greatest common divisor of 3400 and 68?
68
Calculate the greatest common factor of 756 and 81.
27
What is the greatest common divisor of 610 and 50?
10
What is the highest common factor of 81 and 261?
9
What is the greatest common factor of 10 and 1016?
2
Calculate the greatest common divisor of 37 and 13801.
37
Calculate the greatest common divisor of 4 and 5458.
2
Calculate the greatest common factor of 276 and 300.
12
Calculate the greatest common factor of 40 and 90.
10
Calculate the highest common divisor of 305 and 35.
5
What is the highest common divisor of 6052 and 68?
68
Calculate the greatest common divisor of 56 and 3164.
28
What is the highest common factor of 1434 and 48?
6
What is the greatest common divisor of 352 and 44?
44
What is the highest common factor of 296 and 1443?
37
What is the greatest common divisor of 14 and 8666?
14
Calculate the greatest common factor of 10 and 5820.
10
Calculate the greatest common divisor of 34 and 19669.
17
What is the greatest common factor of 8 and 344?
8
What is the greatest common divisor of 300 and 2625?
75
Calculate the greatest common factor of 37 and 1739.
37
Calculate the highest common factor of 43175 and 33.
11
Calculate the greatest common divisor of 308 and 8.
4
What is the highest common divisor of 218 and 12535?
109
Calculate the greatest common factor of 49 and 77.
7
What is the highest common factor of 7 and 161?
7
What is the highest common factor of 8 and 208?
8
Calculate the highest common factor of 45 and 99.
9
What is the highest common divisor of 4961 and 220?
11
Calculate the greatest common divisor of 4325 and 346.
173
What is the greatest common factor of 14 and 1519?
7
What is the highest common divisor of 2303 and 49?
49
Calculate the highest common factor of 371 and 53.
53
What is the greatest common factor of 17 and 15912?
17
Calculate the highest common factor of 6 and 142.
2
Calculate the greatest common factor of 3 and 93.
3
What is the highest common divisor of 143 and 2808?
13
Calculate the greatest common factor of 432 and 3672.
216
What is the greatest common divisor of 455 and 140?
35
Calculate the highest common divisor of 122112 and 212.
212
What is the highest common factor of 95 and 19?
19
What is the highest common divisor of 15 and 15?
15
Calculate the greatest common divisor of 4 and 6.
2
Calculate the highest common divisor of 400 and 1360.
80
What is the greatest common factor of 36772 and 116?
116
What is the greatest common factor of 103 and 3811?
103
What is the greatest common factor of 14 and 3878?
14
What is the greatest common divisor of 549 and 5673?
183
Calculate the highest common divisor of 645 and 165.
15
What is the highest common divisor of 44 and 28?
4
What is the greatest common divisor of 182 and 112?
14
Calculate the highest common factor of 120 and 105.
15
What is the greatest common divisor of 84 and 24?
12
What is the greatest common divisor of 4268 and 88?
44
Calculate the greatest common factor of 1001 and 429.
143
What is the highest common factor of 132 and 1221?
33
What is the greatest common factor of 128 and 48?
16
Calculate the highest common factor of 36 and 13302.
18
What is the highest common factor of 66 and 1958?
22
What is the highest common divisor of 100 and 38300?
100
Calculate the greatest common divisor of 30 and 466.
2
What is the highest common factor of 12 and 15324?
12
What is the highest common divisor of 18 and 711?
9
What is the highest common divisor of 159 and 265?
53
What is the greatest common factor of 3256 and 77?
11
Calculate the highest common factor of 3526 and 164.
82
What is the greatest common divisor of 40 and 72?
8
Calculate the greatest common divisor of 114 and 1159.
19
Calculate the greatest common divisor of 1251 and 9.
9
What is the greatest common divisor of 45 and 2169?
9
Calculate the greatest common divisor of 10